{"id":160,"date":"2023-03-06T20:19:33","date_gmt":"2023-03-06T19:19:33","guid":{"rendered":"https:\/\/infaxserver.de\/pizzeria-pina\/?page_id=160"},"modified":"2023-05-31T17:35:43","modified_gmt":"2023-05-31T15:35:43","slug":"datenschutz","status":"publish","type":"page","link":"https:\/\/infaxserver.de\/pizzeria-pina\/datenschutz\/","title":{"rendered":"Datenschutz"},"content":{"rendered":"\t\t<div data-elementor-type=\"wp-page\" data-elementor-id=\"160\" class=\"elementor elementor-160\" data-elementor-settings=\"[]\">\n\t\t\t\t\t\t\t<div class=\"elementor-section-wrap\">\n\t\t\t\t\t\t\t<section class=\"elementor-section elementor-top-section elementor-element elementor-element-6dd90a31 elementor-section-boxed elementor-section-height-default elementor-section-height-default\" data-id=\"6dd90a31\" data-element_type=\"section\">\n\t\t\t\t\t\t<div class=\"elementor-container elementor-column-gap-default\">\n\t\t\t\t\t<div class=\"elementor-column elementor-col-100 elementor-top-column elementor-element elementor-element-30e89672\" data-id=\"30e89672\" data-element_type=\"column\">\n\t\t\t<div class=\"elementor-widget-wrap elementor-element-populated\">\n\t\t\t\t\t\t\t\t<div class=\"elementor-element elementor-element-3e7b7828 elementor-widget elementor-widget-spacer\" data-id=\"3e7b7828\" data-element_type=\"widget\" data-widget_type=\"spacer.default\">\n\t\t\t\t<div class=\"elementor-widget-container\">\n\t\t\t\t\t<div class=\"elementor-spacer\">\n\t\t\t<div class=\"elementor-spacer-inner\"><\/div>\n\t\t<\/div>\n\t\t\t\t<\/div>\n\t\t\t\t<\/div>\n\t\t\t\t<div class=\"elementor-element elementor-element-2826f77e elementor-widget elementor-widget-text-editor\" data-id=\"2826f77e\" data-element_type=\"widget\" data-widget_type=\"text-editor.default\">\n\t\t\t\t<div class=\"elementor-widget-container\">\n\t\t\t\t\t\t\t\t<p><strong>Datenschutzbestimmungen Pizzeria Bei Pina<br \/><br \/><\/strong><\/p><h1>Schutz pers\u00f6nlicher Daten<\/h1><p>Wir nehmen den Schutz Ihrer pers\u00f6nlichen Daten ernst und m\u00f6chten, dass Sie sich auf unserer Seite keine Sorgen um Ihre Privatsph\u00e4re machen m\u00fcssen.<\/p><p>Wir behandeln Ihre personenbezogenen Daten vertraulich und entsprechend der gesetzlichen Datenschutzvorschriften, der Datenschutzgrundverordnung (DSGVO) sowie dieser Datenschutzerkl\u00e4rung. Bitte nehmen Sie sich ein wenig Zeit daf\u00fcr, diese Erkl\u00e4rung zum Datenschutz durchzulesen.<br \/><br \/><\/p><h1>Verantwortliche Stelle<\/h1><p>Verantwortliche Stelle f\u00fcr die Erhebung, Verarbeitung und Nutzung Ihrer personenbezogenen Daten ist:<\/p><p>Antonio La Blunda<\/p><p>L\u00fctzowstr. 30 42653 Solingen<br \/><br \/><\/p><h1>Ihre Rechte<\/h1><p>Die Nutzung unserer Webseite ist in der Regel ohne Angabe personenbezogener Daten m\u00f6glich. Im Rahmen unseres online Lieferservice erfassen wir ggf. Daten, wie beispielsweise Ihren Namen oder Ihre private oder gesch\u00e4ftliche Adresse bzw. Telefonnummer. Nach dem Bestellvorgang werden diese Daten in einer Datenbank gespeichert. Diese Daten dienen der Abwicklung des Rechnungsverfahrens und au\u00dferdem der Pizzeria Bei Pina als Marketinginstrument zur besseren Abstimmung des Angebotes auf Kundenw\u00fcnsche. Diese Daten werden nur mit Ihrer Zustimmung erhoben und nicht an Dritte zu Werbezwecken weitergegeben.<\/p><p><strong><br \/>Auskunftsrecht<\/strong><\/p><p>Sie haben das Recht auf kostenlose Auskunft \u00fcber die Verarbeitung Ihrer personenbezogenen Daten. Sie haben au\u00dferdem das Recht die Berichtigung, die L\u00f6schung oder eine eingeschr\u00e4nkte Verarbeitung Ihrer Daten zu verlangen. F\u00fcr eine schriftliche oder elektronische Auskunftserteilung ist ein Identit\u00e4tsnachweis durch Kopie eines amtlichen Ausweises mit Unterschrift erforderlich.<br \/><br \/><\/p><p><strong>Widerspruchsrecht<\/strong><\/p><p>Der Verwendung der Adressdaten, die im Rahmen einer Online-Bestellung erhoben wurden, kann in einer Email an info@pizzeria-pina.de widersprochen werden.<\/p><p>Wir weisen darauf hin, dass die Daten\u00fcbertragung im Internet (z. B. bei der Kommunikation per E-Mail) Sicherheitsl\u00fccken aufweisen kann. Ein l\u00fcckenloser Schutz der Daten vor dem Zugriff durch Dritte ist nicht m\u00f6glich. Wie pers\u00f6nliche Daten bei einem Online-Bestellvorgang durch den Anbieter \u201eGloria-Food\u201c behandelt werden, wird im Abschnitt \u201eCookies\u201c erkl\u00e4rt.<br \/><br \/><\/p><h1>Cookies<\/h1><p>Ein Cookie ist ein kurzes Text-Fragment, das von einer von Ihnen besuchten Website an Ihren Browser gesendet wird. Es speichert Informationen zu Ihrem letzten Besuch, wie Ihre bevorzugte Sprache oder andere Einstellungen. So finden Sie sich auf der Website schneller zurecht und nutzen sie effektiver, wenn Sie sie das n\u00e4chste Mal aufrufen. Cookies spielen au\u00dferdem eine wichtige Rolle bei einer Online-Bestellung. Eine Benutzersitzung mit Cookies erm\u00f6glicht dabei das F\u00fcllen des Einkaufskorbes und die Abwicklung des Bestellvorganges.<br \/><br \/><\/p><h1>Google Analytics<\/h1><p>Diese Website benutzt Google Analytics, ein Analysetool von Google, das f\u00fcr Website- und App-Inhaber die Interaktion Ihrer Nutzer mit den angebotenen Ressourcen transparent macht. Google Analytics verwendet m\u00f6glicherweise bestimmte Cookies, um Daten zu erheben und eine Website-Nutzungsstatistik weiterzugeben, ohne dabei jedoch Informationen zu erfassen, die einzelne Nutzer f\u00fcr Google pers\u00f6nlich identifizierbar machen. Das wichtigste Google Analytics-Cookie hei\u00dft \u201c__ga&#8220;.<br \/><br \/><\/p><p>Neben der Erstellung der Nutzungsstatistik f\u00fcr Websites kann Google Analytics auch zusammen mit einigen der oben beschriebenen Werbecookies dazu beitragen, dass in Google-Produkten wie etwa der Google-Suche sowie im gesamten Web relevantere Werbeanzeigen eingeblendet werden und um Interaktionen mit der von uns gezeigten Werbung zu messen.<br \/><br \/><\/p><p>Der f\u00fcr die Verarbeitung Verantwortliche verwendet f\u00fcr die Web-Analyse \u00fcber Google Analytics den Zusatz &#8222;_gat._anonymizeIp&#8220;. Mittels dieses Zusatzes wird die IP-Adresse des Internetanschlusses der betroffenen Person von Go\u00a0 personenbezogene Informationen, beispielsweise die Zugriffszeit, der Ort, von welchem ein Zugriff ausging und die H\u00e4ufigkeit der Besuche unserer Internetseite durch die betroffene Person, gespeichert. Bei jedem Besuch meiner Internetseite werden diese personenbezogenen Daten, einschlie\u00dflich der IP-Adresse des von der betroffenen Person genutzten Internetanschlusses, an Google in den Vereinigten Staaten von Amerika \u00fcbertragen. Diese personenbezogenen Daten werden durch Google in den Vereinigten Staaten von Amerika gespeichert. Google gibt diese \u00fcber das technische Verfahren erhobenen personenbezogenen Daten unter Umst\u00e4nden an Dritte weiter.<br \/><br \/><\/p><p>Die Informationen werden in die Vereinigten Staaten transferiert und dort auf Servern gespeichert. Google erkl\u00e4rt, dass sie sich an mehrere \u00dcbereinkommen zur Selbstregulierung halten, unter anderem auch an das EU-US Privacy Shield Framework. Weitere Informationen zum EU-US-Datenschutzschild sowie die Zertifizierung von Google finden Sie auf der Privacy Shield-Website.<br \/><br \/><\/p><p>Weitere Informationen und die geltenden Datenschutzbestimmungen von Google k\u00f6nnen unter https:\/\/www.google.de\/intl\/de\/policies\/privacy\/ und unter http:\/\/www.google.com\/analytics\/terms\/ de.html abgerufen werden. Google Analytics wird unter diesem Link https:\/\/www.google.com\/intl\/ de_de\/analytics\/ genauer erl\u00e4utert. N\u00e4here Informationen zu Nutzungsbedingungen und Datenschutz finden Sie unter http:\/\/www.google.com\/intl\/de\/analytics\/privacyoverview.html.<br \/><br \/><\/p><p>Wir weisen Sie darauf hin, dass auf dieser Webseite Google Analytics um den Code \u201ega._anonymizeIp();\u201c erweitert wurde, um eine anonymisierte Erfassung von IP-Adressen (sog. IPMasking) zu gew\u00e4hrleisten.<br \/><br \/><\/p><p><strong>Google Maps<\/strong><\/p><p>Diese Website benutzt Google Maps zur Darstellung eines Lageplanes. Google Maps wird von Google Inc., 1600 Amphitheatre Parkway, Mountain View, CA 94043, USA betrieben. Durch die Nutzung dieser Website erkl\u00e4ren Sie sich mit der Erfassung, Bearbeitung sowie der Nutzung der automatisch erhobenen sowie der von Ihnen eingegeben Daten durch Google, einer seiner Vertreter, oder Drittanbieter einverstanden.<\/p><p>Weitere Informationen unter https:\/\/www.google.com\/intl\/de_US\/help\/terms_maps.html und https:\/\/policies.google.com\/privacy?hl=de<br \/><br \/><\/p><h1>Gloria Food<\/h1><p>Gloria Food Ordering System ist ein Online-Bestellsystem, das wir verwenden, wenn Sie Ihre Bestellung auf unserer Website aufgeben. Die Identit\u00e4t und die Kontaktdaten des Dienstleisters lauten wie folgt: GlobalFood Tech S.R.L. mit Sitz in Bukarest, Rum\u00e4nien, 91-95 Dristorului Street, bl. C, 9. Stock, ap. 907, 3. Bezirk, Registrierungsnr. im Handelsregister J40 \/ 8605\/2013, USt-IdNr. RO31980460, E-Mail: contact@globalfoodsoft.com, Tel .: +40 737 017 876.<\/p><p>GlobalFood Tech S.R.L kann anonyme Informationen sammeln, auch zu statistischen oder Forschungszwecken. Sie verwenden die folgenden Kategorien in unserer webbasierten Anwendung:<br \/><br \/><\/p><ul><li>Kategorie 1 &#8211; unbedingt notwendige Cookies. Diese Cookies sind notwendig, damit Sie sichin der Webanwendung des Dienstleisters bewegen und seine Funktionen nutzen k\u00f6nnen, z. B. Zugriff auf sichere Bereiche. Ohne diese Cookies k\u00f6nnen keine Dienste wie Warenk\u00f6rbe oder E-Rechnung angeboten werden.<br \/><br \/><\/li><li>Kategorie 2 &#8211; Leistungs-Cookies. Diese Cookies sammeln Informationen dar\u00fcber, wie Sie die Webanwendung des Dienstleisters verwenden &#8211; z. B. welche Seiten Sie am h\u00e4ufigsten aufrufen und ob sie Fehlermeldungen von Webseiten und \/ oder der Webanwendung erhalten. Diese Cookies sammeln keine Informationen, die einen Besucher identifizieren. Alle Informationen, die diese Cookies sammeln, sind aggregiert und daher anonym. Sie werden nur verwendet, um die Funktionsweise der Website des Dienstleisters und \/ oder der Anwendung zu verbessern. Als Drittanbieter-Cookies in dieser Kategorie verwenden wir Google Analytics, einen Dienst, der Website-Traffic-Daten an Google-Server in den USA \u00fcbermittelt. Die von Google Analytics bereitgestellten Berichte helfen uns dabei, den Webseitenverkehr und die Webseitennutzung zu verstehen. Google Analytics identifiziert keine individuellen Benutzer oder weist Ihre IP-Adresse anderen Daten von Google zu.<br \/><br \/><\/li><li>Kategorie 3 &#8211; Funktionalit\u00e4t Cookies. Diese Cookies erm\u00f6glichen es der Webanwendung des Dienstleisters, die von Ihnen w\u00e4hrend des Surfens und \/ oder der Verwendung der Anwendung getroffenen Entscheidungen zu speichern (z. B. Ihr Benutzername, Ihre Sprache oder die Region, in der Sie sich befinden) und erweiterte, pers\u00f6nlichere Funktionen bereitzustellen. Diese Cookies k\u00f6nnen auch verwendet werden, um sich an \u00c4nderungen zu erinnern, die Sie an Textgr\u00f6\u00dfe, Sprache und anderen Teilen von Webseiten vorgenommen haben, die Sie anpassen k\u00f6nnen. Die Informationen, die diese Cookies sammeln, werden Sie nicht pers\u00f6nlich identifizieren, und sie k\u00f6nnen Ihre Surfaktivit\u00e4t auf Websites au\u00dferhalb des Dienstleisters nicht verfolgen. F\u00fcr eine zuverl\u00e4ssige \u00dcberpr\u00fcfung Ihres Bestellstatus, auf dem Bildschirm der Anwendung, in Echtzeit und auch f\u00fcr eine einfache Nachbestellung k\u00f6nnen Ihre Daten auf Ihrem Ger\u00e4t gespeichert werden und lokal ein Cookie bereitstellen.<br \/><br \/><\/li><\/ul><ul><li>Kategorie 4 &#8211; Targeting-Cookies oder Werbe-Cookies. Bei diesen Cookies handelt es sich in der Regel um Cookies von Drittanbietern. Wenn ein Nutzer jedoch die Website des Werbenetzwerks besucht, ist es technisch m\u00f6glich, dass diese auch vom Erstanbieter kommen. Es sind immer persistente, aber zeitlich begrenzte Cookies. Diese Cookies k\u00f6nnen mit Diensten verbunden sein, die von Dritten bereitgestellt werden, dies ist jedoch nicht immer der Fall. Diese Cookies enthalten einen eindeutigen Schl\u00fcssel, der in der Lage ist, die Surfgewohnheiten einzelner Benutzer zu unterscheiden, oder die anhand von Informationen, die an anderer Stelle gespeichert sind, in eine Reihe von Surfgewohnheiten oder Pr\u00e4ferenzen umgewandelt werden k\u00f6nnen. Im Allgemeinen sollte die Datenschutzerkl\u00e4rung angeben, ob der Cookie als Teil eines Werbenetzwerks verwendet wird. Cookies k\u00f6nnen auch dazu verwendet werden, die Anzahl der Besuche eines Nutzers auf einer Website zu begrenzen und die Effektivit\u00e4t einer bestimmten Kampagne zu messen.<br \/><br \/><\/li><\/ul><p>In der Datenschutzerkl\u00e4rung von Gloria Foods finden Sie weitere Informationen dazu, wie sie mit Daten umgehen.<br \/><br \/><\/p><h1>Soziale Medien<\/h1><p>Unsere Website verf\u00fcgt \u00fcber Schaltfl\u00e4chen, um die Websites in sozialen Medien wie z. B. Facebook, Instagram, und Google+ zu promoten. Diese Schaltfl\u00e4chen funktionieren \u00fcber kurze Codes, die von Facebook, Instagram, und Google+ selbst stammen. Mittels dieser Codes werden Cookies platziert. Lesen Sie die Datenschutzerkl\u00e4rung von Facebook, Instagram, and Google+ (die regelm\u00e4\u00dfig ge\u00e4ndert werden k\u00f6nnen), um zu erfahren, wie sie mit Ihren (personenbezogenen) Daten umgehen, die sie \u00fcber diese Cookies verarbeiten.<br \/><br \/><\/p><p>Die von ihnen erfassten Informationen werden m\u00f6glichst weitgehend anonymisiert. Die Informationen werden von Facebook, Instagram und Google+ in die Vereinigten Staaten transferiert und dort auf Servern gespeichert. Diese vier Dienstleister erkl\u00e4ren, dass sie sich an mehrere \u00dcbereinkommen zur Selbstregulierung halten, unter anderem auch an das EU-US Privacy Shield Framework. Weitere Informationen zum EU-US-Datenschutzschild sowie die Zertifizierung der betreffenden Dienstleister finden Sie auf der Privacy Shield.<br \/><br \/><\/p><h1>Hotjar<\/h1><p>Wir verwenden auf unserer Webseite Hotjar der Firma Hotjar Limited (Level 2, St Julian\u2019s Business Centre, 3, Elia Zammit Street, St Julian\u2019s STJ 1000, Malta), um Besucherdaten statistisch auszuwerten. Hotjar ist ein Dienst, der das Verhalten und das Feedback von Ihnen als Nutzer auf unserer Webseite durch eine Kombination von Analyse- und Feedback-Tools analysiert. Wir erhalten von Hotjar Berichte und visuelle Darstellungen, die uns zeigen wo und wie Sie sich auf unserer Seite \u201cbewegen\u201d. Personenbezogenen Daten werden automatisch anonymisiert und erreichen niemals die Server von Hotjar. Das hei\u00dft Sie werden als Webseitenbenutzer nicht pers\u00f6nlich identifiziert und wir lernen dennoch vieles \u00fcber Ihr Userverhalten.<br \/><br \/><\/p><p><strong>Was ist Hotjar?<\/strong><\/p><p>Wie im oberen Abschnitt bereits erw\u00e4hnt, hilft uns Hotjar das Verhalten unserer Seitenbesucher zu analysieren. Zu diesen Tools, die Hotjar anbietet,\u00a0 geh\u00f6ren Heatmaps, Conversion Funnels, Visitor Recording, Incoming Feedback, Feedback Polls und Surveys (mehr Informationen dar\u00fcber erhalten Sie unter https:\/\/www.hotjar.com\/). Damit hilft uns Hotjar, Ihnen eine bessere Nutzererfahrung und ein besseres Service anzubieten. Es bietet somit einerseits eine gute Analyse \u00fcber das Onlineverhalten, andererseits erhalten wir auch ein gutes Feedback \u00fcber die Qualit\u00e4t unserer Webseite. Denn neben all den analysetechnischen Aspekten wollen wir nat\u00fcrlich auch einfach Ihre Meinung \u00fcber unsere Webseite wissen. Und mit dem Feedbacktool ist genau das m\u00f6glich. Warum verwenden wir Hotjar auf unserer Webseite? In den letzten Jahren nahm die Bedeutung von User Experience (also Benutzererfahrung) auf Webseiten stark zu. Und das auch aus gutem Grund. Eine Webseite soll so aufgebaut sein, dass Sie sich als Besucher wohl f\u00fchlen und sich einfach zurechtfinden. Wir k\u00f6nnen dank der AnalyseTools und des Feedback-Tools von Hotjar unsere Webseite und unser Angebot attraktiver gestalten. F\u00fcr uns besonders wertvoll erweisen sich die Heatmaps von Hotjar. Bei Heatmaps handelt es sich um eine Darstellungsform f\u00fcr die Visualisierung von Daten. Durch die Heatmaps von Hotjar sehen wir beispielsweise sehr genau, was Sie gerne anklicken, antippen und wohin Sie scrollen.<br \/><br \/><\/p><p><strong>Welche Daten werden von Hotjar gespeichert?<\/strong><\/p><p>W\u00e4hrend Sie durch unsere Webseite surfen, sammelt Hotjar automatisch Informationen \u00fcber Ihr Userverhalten. Um diese Informationen sammeln zu k\u00f6nnen, haben wir auf unserer Webseite einen eigenen Tracking-Code eingebaut. Folgende Daten k\u00f6nnen \u00fcber Ihren Computer beziehungsweise Ihren Browser gesammelt werden:<br \/><br \/><\/p><ul><li>IP-Adresse Ihres Computers (wird in einem anonymen Format gesammelt und gespeichert)<\/li><li>Bildschirmgr\u00f6\u00dfe<\/li><li>Browserinfos (welcher Browser, welche Version usw.)<\/li><li>Ihr Standort (aber nur das Land)<\/li><li>Ihre bevorzugte Spracheinstellung<\/li><li>Besuchte Webseiten (Unterseiten)<\/li><li>Datum und Uhrzeit des Zugriffs auf eine unserer Unterseiten (Webseiten)<br \/><br \/><\/li><\/ul><p>Zudem speichern auch Cookies Daten, die auf Ihrem Computer (meist in Ihrem Browser) platziert werden. Darin werden keine personenbezogenen Daten gesammelt. Grunds\u00e4tzlich gibt Hotjar keine gesammelten Daten an Dritte weiter. Hotjar weist allerdings ausdr\u00fccklich darauf hin, dass es manchmal notwendig ist, Daten mit Amazon Web Services zu teilen. Dann werden Teile Ihrer Informationen auf deren Servern gespeichert. Amazon ist aber durch eine Geheimhaltungspflicht gebunden, diese Daten nicht preiszugeben.<br \/><br \/><\/p><p>Auf die gespeicherten Informationen haben nur eine begrenzte Anzahl an Personen (Mitarbeiter von Hotjar) Zugriff. Die Hotjar-Server sind durch Firewalls und IP-Beschr\u00e4nkungen (Zugriff nur genehmigter IP-Adressen) gesch\u00fctzt. Firewalls sind Sicherheitssysteme, die Computer vor unerw\u00fcnschten Netzwerkzugriffen sch\u00fctzen. Sie sollen als Barriere zwischen dem sicheren internen Netzwerk von Hotjar und dem Internet dienen. Weiteres verwendet Hotjar f\u00fcr Ihre Dienste auch Drittunternehmen, wie etwa Google Analytics oder Optimizely. Diese Firmen k\u00f6nnen auch Informationen, die Ihr Browser an unsere Webseite sendet, speichern.<br \/><br \/><\/p><p><strong>Wie lange und wo werden Hotjar Daten gespeichert?<\/strong><\/p><p>Wir haben einen Tracking-Code auf unserer Webseite eingebaut, der an die Hotjar-Server in Irland (EU) \u00fcbertragen wird. Dieser Tracking-Code kontaktiert die Server von Hotjar und sendet ein Skript an Ihren Computer oder Ihr Endger\u00e4t, mit dem Sie auf unsere Seite zugreifen. Das Skript erfasst bestimmte Daten in Bezug auf Ihre Interaktion mit unserer Webseite. Diese Daten werden dann zur Verarbeitung an die Server von Hotjar gesendet. Hotjar hat sich selbst eine 365-Tage Datenspeicherungsfrist auferlegt. Das hei\u00dft alle Daten, die Hotjar gesammelt hat und \u00e4lter als ein Jahr sind, werden automatisch wieder gel\u00f6scht.<br \/><br \/><\/p><p><strong>Wie kann ich meine Hotjar Daten l\u00f6schen bzw. die Datenspeicherung verhindern?<\/strong><\/p><p>Hotjar speichert f\u00fcr die Analyse keine personenbezogenen Daten von Ihnen. Das Unternehmen wirbt sogar mit dem Slogan \u201eWe track behavior, not individuals\u201c (also \u201eWir tracken Userverhalten, aber keine identifizierbaren, individuellen Daten). Sie haben auch immer die M\u00f6glichkeit die Erhebung Ihrer Daten zu unterbinden. Daf\u00fcr m\u00fcssen Sie nur auf die \u201eOpt-out-Seite\u201c gehen und auf \u201eHotjar deaktivieren\u201c klicken. Bitte beachten Sie, dass das L\u00f6schen von Cookies, die Nutzung des Privatmodus Ihres Browsers oder die Nutzung eines anderen Browsers dazu f\u00fchrt, Daten wieder zu erheben. Weiteres k\u00f6nnen Sie auch in Ihrem Browser den \u201eDo Not Track\u201c-Button aktivieren. Im Browser Chrome beispielsweise m\u00fcssen Sie daf\u00fcr rechts oben auf die drei Balken klicken und auf \u201eEinstellungen\u201c gehen. Dort finden Sie im Abschnitt \u201eDatenschutz\u201c die Option \u201eMit Browserzugriffen eine \u201cDo Not Track\u201d-Anforderung senden\u201d. Jetzt aktivieren Sie nur noch diese Schaltfl\u00e4che und schon werden keinen Daten von Hotjar erhoben.<br \/><br \/><\/p><p>Mehr Details zur Datenschutzrichtlinie und welche Daten auf welche Art durch Hotjar erfasst werden finden Sie auf https:\/\/www.hotjar.com\/legal\/policies\/privacy?tid=331585306505.<br \/><br \/><\/p><h1>Dauer der Speicherung<\/h1><p>Informationen zu der Speicherdauer einzelner Cookies finden Sie in den oben verlinkten Datenschutzerkl\u00e4rungen von GloriaFood, Google, Hotjar, Facebook, Instagram und Google+. Wir weisen darauf hin, dass Cookies lokal auf dem Rechner des Nutzers gespeichert werden.<br \/><br \/><\/p><h3>Daher haben Nutzer auch die volle Kontrolle \u00fcber die Verwendung von Cookies. Durch eine \u00c4nderung der Einstellungen in Ihrem Internetbrowser k\u00f6nnen Sie die \u00dcbertragung von Cookies deaktivieren oder einschr\u00e4nken. Bereits gespeicherte Cookies k\u00f6nnen jederzeit gel\u00f6scht werden. Dies kann auch automatisiert erfolgen. Werden Cookies f\u00fcr unsere Webseite deaktiviert, k\u00f6nnen m\u00f6glicherweise nicht mehr alle Funktionen der Webseite vollumf\u00e4nglich genutzt werden<\/h3>\t\t\t\t\t\t<\/div>\n\t\t\t\t<\/div>\n\t\t\t\t\t<\/div>\n\t\t<\/div>\n\t\t\t\t\t\t\t<\/div>\n\t\t<\/section>\n\t\t\t\t\t\t<\/div>\n\t\t\t\t\t<\/div>\n\t\t","protected":false},"excerpt":{"rendered":"<p class=\"excerpt\">Datenschutzbestimmungen Pizzeria Bei Pina Schutz pers\u00f6nlicher Daten Wir nehmen den Schutz Ihrer pers\u00f6nlichen Daten ernst und m\u00f6chten, dass Sie sich auf unserer Seite keine Sorgen um Ihre Privatsph\u00e4re machen m\u00fcssen. Wir behandeln Ihre personenbezogenen Daten vertraulich und entsprechend der gesetzlichen Datenschutzvorschriften, der Datenschutzgrundverordnung (DSGVO) sowie dieser Datenschutzerkl\u00e4rung. Bitte nehmen Sie sich ein wenig Zeit daf\u00fcr, [&hellip;]<\/p>\n","protected":false},"author":1,"featured_media":0,"parent":0,"menu_order":0,"comment_status":"closed","ping_status":"closed","template":"template-blank.php","meta":[],"_links":{"self":[{"href":"https:\/\/infaxserver.de\/pizzeria-pina\/wp-json\/wp\/v2\/pages\/160"}],"collection":[{"href":"https:\/\/infaxserver.de\/pizzeria-pina\/wp-json\/wp\/v2\/pages"}],"about":[{"href":"https:\/\/infaxserver.de\/pizzeria-pina\/wp-json\/wp\/v2\/types\/page"}],"author":[{"embeddable":true,"href":"https:\/\/infaxserver.de\/pizzeria-pina\/wp-json\/wp\/v2\/users\/1"}],"replies":[{"embeddable":true,"href":"https:\/\/infaxserver.de\/pizzeria-pina\/wp-json\/wp\/v2\/comments?post=160"}],"version-history":[{"count":18,"href":"https:\/\/infaxserver.de\/pizzeria-pina\/wp-json\/wp\/v2\/pages\/160\/revisions"}],"predecessor-version":[{"id":469,"href":"https:\/\/infaxserver.de\/pizzeria-pina\/wp-json\/wp\/v2\/pages\/160\/revisions\/469"}],"wp:attachment":[{"href":"https:\/\/infaxserver.de\/pizzeria-pina\/wp-json\/wp\/v2\/media?parent=160"}],"curies":[{"name":"wp","href":"https:\/\/api.w.org\/{rel}","templated":true}]}}