{"id":89,"date":"2023-01-19T12:28:36","date_gmt":"2023-01-19T11:28:36","guid":{"rendered":"https:\/\/infaxserver.de\/massagestudio-royalrelax\/?page_id=89"},"modified":"2023-08-10T10:13:05","modified_gmt":"2023-08-10T08:13:05","slug":"impressum","status":"publish","type":"page","link":"https:\/\/infaxserver.de\/massagestudio-royalrelax\/impressum\/","title":{"rendered":"Impressum"},"content":{"rendered":"\t\t<div data-elementor-type=\"wp-page\" data-elementor-id=\"89\" class=\"elementor elementor-89\" data-elementor-settings=\"[]\">\n\t\t\t\t\t\t\t<div class=\"elementor-section-wrap\">\n\t\t\t\t\t\t\t<section class=\"elementor-section elementor-top-section elementor-element elementor-element-6629461b elementor-section-boxed elementor-section-height-default elementor-section-height-default\" data-id=\"6629461b\" data-element_type=\"section\">\n\t\t\t\t\t\t<div class=\"elementor-container elementor-column-gap-default\">\n\t\t\t\t\t<div class=\"elementor-column elementor-col-100 elementor-top-column elementor-element elementor-element-52d6b817\" data-id=\"52d6b817\" data-element_type=\"column\">\n\t\t\t<div class=\"elementor-widget-wrap elementor-element-populated\">\n\t\t\t\t\t\t\t\t<div class=\"elementor-element elementor-element-4301a1af elementor-widget elementor-widget-spacer\" data-id=\"4301a1af\" data-element_type=\"widget\" data-widget_type=\"spacer.default\">\n\t\t\t\t<div class=\"elementor-widget-container\">\n\t\t\t\t\t<div class=\"elementor-spacer\">\n\t\t\t<div class=\"elementor-spacer-inner\"><\/div>\n\t\t<\/div>\n\t\t\t\t<\/div>\n\t\t\t\t<\/div>\n\t\t\t\t<div class=\"elementor-element elementor-element-30c748 elementor-widget elementor-widget-text-editor\" data-id=\"30c748\" data-element_type=\"widget\" data-widget_type=\"text-editor.default\">\n\t\t\t\t<div class=\"elementor-widget-container\">\n\t\t\t\t\t\t\t\t<p lang=\"en-GB\"><strong>Royal Relax Massagestudio<\/strong><br \/>Marienburger Str. 22<br \/>50968 K\u00f6ln<\/p><p>Tel.: 0151 46347072<\/p><p lang=\"en-GB\"><span style=\"font-family: Arial, sans-serif;\"><a href=\"mailto:info@massagestudio-royalrelax.de\">info@massagestudio-royalrelax.de<\/a><br \/><\/span><span style=\"color: #0000ff;\"><a href=\"https:\/\/www.massagestudio-royalrelax.de\/\"><span style=\"font-family: Arial, sans-serif;\">www.massagestudio-royalrelax.de<\/span><\/a><\/span><\/p><p><span style=\"font-family: Arial, sans-serif;\"><br \/>Betreiber:<br \/><\/span>Royal Relax Wellness GmbH<br \/>Bonner Str. 126<br \/>50968 K\u00f6ln<\/p><p>Tel.: 0151 46347072<\/p><p><span style=\"font-family: Arial, sans-serif;\"><br \/><\/span><span style=\"font-family: Arial, sans-serif;\"><strong>Gesch\u00e4ftsf\u00fchrung:<\/strong> Erika Ramirez Carmona<\/span><\/p><p><span style=\"font-family: Arial, sans-serif;\">HRB: <\/span><span style=\"font-family: Arial, sans-serif;\">Amtsgericht K\u00f6ln HRB 110913<\/span><\/p><p><span style=\"font-family: Arial, sans-serif;\"><br \/><strong>Inhaltlich Verantwortlicher:<\/strong> Erika Ramirez Carmona<\/span><span style=\"font-family: Arial, sans-serif;\">\u00a0(Anschrift wie oben)<\/span><\/p><p>\u00a0<\/p><p><strong>Aufsichtsbeh\u00f6rde:<\/strong> Stadt K\u00f6ln, Ordnungsdienst<\/p><p><span style=\"font-family: Arial, sans-serif;\"><b><br \/>Haftungshinweis:<\/b><\/span><span style=\"font-family: Arial, sans-serif;\"><b><br \/><\/b><\/span><span style=\"font-family: Arial, sans-serif;\">Trotz sorgf\u00e4ltiger inhaltlicher Kontrolle \u00fcbernehmen wir keine Haftung f\u00fcr die Inhalte externer Links. F\u00fcr den Inhalt der verlinkten Seiten sind ausschlie\u00dflich deren Betreiber verantwortlich.<\/span><\/p>\t\t\t\t\t\t<\/div>\n\t\t\t\t<\/div>\n\t\t\t\t\t<\/div>\n\t\t<\/div>\n\t\t\t\t\t\t\t<\/div>\n\t\t<\/section>\n\t\t\t\t\t\t<\/div>\n\t\t\t\t\t<\/div>\n\t\t","protected":false},"excerpt":{"rendered":"<p class=\"excerpt\">Royal Relax MassagestudioMarienburger Str. 2250968 K\u00f6ln Tel.: 0151 46347072 info@massagestudio-royalrelax.dewww.massagestudio-royalrelax.de Betreiber:Royal Relax Wellness GmbHBonner Str. 12650968 K\u00f6ln Tel.: 0151 46347072 Gesch\u00e4ftsf\u00fchrung: Erika Ramirez Carmona HRB: Amtsgericht K\u00f6ln HRB 110913 Inhaltlich Verantwortlicher: Erika Ramirez Carmona\u00a0(Anschrift wie oben) \u00a0 Aufsichtsbeh\u00f6rde: Stadt K\u00f6ln, Ordnungsdienst Haftungshinweis:Trotz sorgf\u00e4ltiger inhaltlicher Kontrolle \u00fcbernehmen wir keine Haftung f\u00fcr die Inhalte externer Links. F\u00fcr [&hellip;]<\/p>\n","protected":false},"author":1,"featured_media":0,"parent":0,"menu_order":0,"comment_status":"closed","ping_status":"closed","template":"template-blank.php","meta":[],"_links":{"self":[{"href":"https:\/\/infaxserver.de\/massagestudio-royalrelax\/wp-json\/wp\/v2\/pages\/89"}],"collection":[{"href":"https:\/\/infaxserver.de\/massagestudio-royalrelax\/wp-json\/wp\/v2\/pages"}],"about":[{"href":"https:\/\/infaxserver.de\/massagestudio-royalrelax\/wp-json\/wp\/v2\/types\/page"}],"author":[{"embeddable":true,"href":"https:\/\/infaxserver.de\/massagestudio-royalrelax\/wp-json\/wp\/v2\/users\/1"}],"replies":[{"embeddable":true,"href":"https:\/\/infaxserver.de\/massagestudio-royalrelax\/wp-json\/wp\/v2\/comments?post=89"}],"version-history":[{"count":28,"href":"https:\/\/infaxserver.de\/massagestudio-royalrelax\/wp-json\/wp\/v2\/pages\/89\/revisions"}],"predecessor-version":[{"id":683,"href":"https:\/\/infaxserver.de\/massagestudio-royalrelax\/wp-json\/wp\/v2\/pages\/89\/revisions\/683"}],"wp:attachment":[{"href":"https:\/\/infaxserver.de\/massagestudio-royalrelax\/wp-json\/wp\/v2\/media?parent=89"}],"curies":[{"name":"wp","href":"https:\/\/api.w.org\/{rel}","templated":true}]}}