{"id":110,"date":"2024-02-14T18:58:00","date_gmt":"2024-02-14T17:58:00","guid":{"rendered":"https:\/\/infaxserver.de\/maithaikoeln\/?page_id=110"},"modified":"2025-11-15T10:25:43","modified_gmt":"2025-11-15T09:25:43","slug":"impressum","status":"publish","type":"page","link":"https:\/\/infaxserver.de\/kijjimediator-restaurant\/impressum\/","title":{"rendered":"Impressum"},"content":{"rendered":"\t\t<div data-elementor-type=\"wp-page\" data-elementor-id=\"110\" class=\"elementor elementor-110\" data-elementor-settings=\"[]\">\n\t\t\t\t\t\t\t<div class=\"elementor-section-wrap\">\n\t\t\t\t\t\t\t<section class=\"elementor-section elementor-top-section elementor-element elementor-element-2d692de9 elementor-section-boxed elementor-section-height-default elementor-section-height-default\" data-id=\"2d692de9\" data-element_type=\"section\">\n\t\t\t\t\t\t<div class=\"elementor-container elementor-column-gap-default\">\n\t\t\t\t\t<div class=\"elementor-column elementor-col-100 elementor-top-column elementor-element elementor-element-7fe9e1af\" data-id=\"7fe9e1af\" data-element_type=\"column\">\n\t\t\t<div class=\"elementor-widget-wrap elementor-element-populated\">\n\t\t\t\t\t\t\t\t<div class=\"elementor-element elementor-element-7076f4c7 elementor-widget elementor-widget-spacer\" data-id=\"7076f4c7\" data-element_type=\"widget\" data-widget_type=\"spacer.default\">\n\t\t\t\t<div class=\"elementor-widget-container\">\n\t\t\t\t\t<div class=\"elementor-spacer\">\n\t\t\t<div class=\"elementor-spacer-inner\"><\/div>\n\t\t<\/div>\n\t\t\t\t<\/div>\n\t\t\t\t<\/div>\n\t\t\t\t<div class=\"elementor-element elementor-element-61a14267 elementor-widget elementor-widget-heading\" data-id=\"61a14267\" data-element_type=\"widget\" data-widget_type=\"heading.default\">\n\t\t\t\t<div class=\"elementor-widget-container\">\n\t\t\t<h2 class=\"elementor-heading-title elementor-size-default\">Impressum<\/h2>\t\t<\/div>\n\t\t\t\t<\/div>\n\t\t\t\t<div class=\"elementor-element elementor-element-40f1c4b6 elementor-widget elementor-widget-text-editor\" data-id=\"40f1c4b6\" data-element_type=\"widget\" data-widget_type=\"text-editor.default\">\n\t\t\t\t<div class=\"elementor-widget-container\">\n\t\t\t\t\t\t\t\t<p><strong>KIJJI MEDIATOR<br \/>Steak &amp; Seafood Restaurant<br \/><\/strong>Inh.: Mehmet Dogan Akdogan<\/p><p>\u00a0<\/p><p>Volmerswerther Deich 155<br \/>40221 D\u00fcsseldorf<\/p><p>\u00a0<\/p><p>Tel: 0211 \u2013\u00a0 99 480 200<br \/>Tel: 0157 \u2013 85 562 228<br \/>E-Mail: kontakt@kijjimediator-restaurant.de<\/p><p>\u00a0<\/p><p>Inhaltlich Verantwortliche(r) :<br \/>Mehmet Dogan Akdogan<br \/>(Anschrift wie oben)<\/p><p>\u00a0<\/p><p>Aufsichtsbeh\u00f6rde: \u00a0Stadt D\u00fcsseldorf, Ordnungsamt<\/p><p>\u00a0<\/p><p><strong><br \/>Haftungshinweis:<\/strong><br \/>Trotz sorgf\u00e4ltiger inhaltlicher Kontrolle \u00fcbernehmen wir keine Haftung f\u00fcr die Inhalte externer Links.<br \/>F\u00fcr den Inhalt der verlinkten Seiten sind ausschlie\u00dflich deren Betreiber verantwortlich.<\/p><p>\u00a0<\/p><p><strong>Urheberrecht<\/strong><br \/>Die durch die Seitenbetreiber erstellten Inhalte und Werke auf diesen Seiten unterliegen dem deutschen Urheberrecht. Die Vervielf\u00e4ltigung, Bearbeitung, Verbreitung und jede Art der Verwertung au\u00dferhalb der Grenzen des Urheberrechtes bed\u00fcrfen der schriftlichen Zustimmung des jeweiligen Autors bzw. Erstellers. Downloads und Kopien dieser Seite sind nur f\u00fcr den privaten, nicht kommerziellen Gebrauch gestattet.<\/p><p>\u00a0<\/p><p>Soweit die Inhalte auf dieser Seite nicht vom Betreiber erstellt wurden, werden die Urheberrechte Dritter beachtet. Insbesondere werden Inhalte Dritter als solche gekennzeichnet. Sollten Sie trotzdem auf eine Urheberrechtsverletzung aufmerksam werden, bitten wir um einen entsprechenden Hinweis. Bei Bekanntwerden von Rechtsverletzungen werden wir derartige Inhalte umgehend entfernen.<\/p>\t\t\t\t\t\t<\/div>\n\t\t\t\t<\/div>\n\t\t\t\t\t<\/div>\n\t\t<\/div>\n\t\t\t\t\t\t\t<\/div>\n\t\t<\/section>\n\t\t\t\t\t\t<\/div>\n\t\t\t\t\t<\/div>\n\t\t","protected":false},"excerpt":{"rendered":"<p class=\"excerpt\">Impressum KIJJI MEDIATORSteak &amp; Seafood RestaurantInh.: Mehmet Dogan Akdogan \u00a0 Volmerswerther Deich 15540221 D\u00fcsseldorf \u00a0 Tel: 0211 \u2013\u00a0 99 480 200Tel: 0157 \u2013 85 562 228E-Mail: kontakt@kijjimediator-restaurant.de \u00a0 Inhaltlich Verantwortliche(r) :Mehmet Dogan Akdogan(Anschrift wie oben) \u00a0 Aufsichtsbeh\u00f6rde: \u00a0Stadt D\u00fcsseldorf, Ordnungsamt \u00a0 Haftungshinweis:Trotz sorgf\u00e4ltiger inhaltlicher Kontrolle \u00fcbernehmen wir keine Haftung f\u00fcr die Inhalte externer Links.F\u00fcr den [&hellip;]<\/p>\n","protected":false},"author":1,"featured_media":0,"parent":0,"menu_order":0,"comment_status":"closed","ping_status":"closed","template":"template-blank.php","meta":[],"_links":{"self":[{"href":"https:\/\/infaxserver.de\/kijjimediator-restaurant\/wp-json\/wp\/v2\/pages\/110"}],"collection":[{"href":"https:\/\/infaxserver.de\/kijjimediator-restaurant\/wp-json\/wp\/v2\/pages"}],"about":[{"href":"https:\/\/infaxserver.de\/kijjimediator-restaurant\/wp-json\/wp\/v2\/types\/page"}],"author":[{"embeddable":true,"href":"https:\/\/infaxserver.de\/kijjimediator-restaurant\/wp-json\/wp\/v2\/users\/1"}],"replies":[{"embeddable":true,"href":"https:\/\/infaxserver.de\/kijjimediator-restaurant\/wp-json\/wp\/v2\/comments?post=110"}],"version-history":[{"count":21,"href":"https:\/\/infaxserver.de\/kijjimediator-restaurant\/wp-json\/wp\/v2\/pages\/110\/revisions"}],"predecessor-version":[{"id":595,"href":"https:\/\/infaxserver.de\/kijjimediator-restaurant\/wp-json\/wp\/v2\/pages\/110\/revisions\/595"}],"wp:attachment":[{"href":"https:\/\/infaxserver.de\/kijjimediator-restaurant\/wp-json\/wp\/v2\/media?parent=110"}],"curies":[{"name":"wp","href":"https:\/\/api.w.org\/{rel}","templated":true}]}}