{"id":11,"date":"2023-06-21T18:39:19","date_gmt":"2023-06-21T16:39:19","guid":{"rendered":"https:\/\/infaxserver.de\/brauhausratingen\/?page_id=11"},"modified":"2026-03-11T17:51:38","modified_gmt":"2026-03-11T16:51:38","slug":"impressum","status":"publish","type":"page","link":"https:\/\/infaxserver.de\/brauhausratingen\/impressum\/","title":{"rendered":"Impressum"},"content":{"rendered":"\t\t<div data-elementor-type=\"wp-page\" data-elementor-id=\"11\" class=\"elementor elementor-11\" data-elementor-settings=\"[]\">\n\t\t\t\t\t\t\t<div class=\"elementor-section-wrap\">\n\t\t\t\t\t\t\t<section class=\"elementor-section elementor-top-section elementor-element elementor-element-3a44eab elementor-section-full_width elementor-section-height-default elementor-section-height-default\" data-id=\"3a44eab\" data-element_type=\"section\">\n\t\t\t\t\t\t\t<div class=\"elementor-background-overlay\"><\/div>\n\t\t\t\t\t\t\t<div class=\"elementor-container elementor-column-gap-no\">\n\t\t\t\t\t<div class=\"elementor-column elementor-col-100 elementor-top-column elementor-element elementor-element-e63ae55\" data-id=\"e63ae55\" data-element_type=\"column\">\n\t\t\t<div class=\"elementor-widget-wrap elementor-element-populated\">\n\t\t\t\t\t\t\t\t<div class=\"elementor-element elementor-element-e212d27 elementor--h-position-center elementor--v-position-middle elementor-arrows-position-inside elementor-pagination-position-inside elementor-widget elementor-widget-slides\" data-id=\"e212d27\" data-element_type=\"widget\" data-settings=\"{&quot;navigation&quot;:&quot;both&quot;,&quot;autoplay&quot;:&quot;yes&quot;,&quot;pause_on_hover&quot;:&quot;yes&quot;,&quot;pause_on_interaction&quot;:&quot;yes&quot;,&quot;autoplay_speed&quot;:5000,&quot;infinite&quot;:&quot;yes&quot;,&quot;transition&quot;:&quot;slide&quot;,&quot;transition_speed&quot;:500}\" data-widget_type=\"slides.default\">\n\t\t\t\t<div class=\"elementor-widget-container\">\n\t\t\t\t\t<div class=\"elementor-swiper\">\n\t\t\t<div class=\"elementor-slides-wrapper elementor-main-swiper swiper-container\" dir=\"ltr\" data-animation=\"fadeInUp\">\n\t\t\t\t<div class=\"swiper-wrapper elementor-slides\">\n\t\t\t\t\t<div class=\"elementor-repeater-item-6458978 swiper-slide\"><div class=\"swiper-slide-bg\"><\/div><div class=\"swiper-slide-inner\" ><div class=\"swiper-slide-contents\"><div class=\"elementor-slide-heading\">Brauhausgef\u00fchle<\/div><div class=\"elementor-slide-description\">Herzhaft & Rheinl\u00e4ndisch<\/div><a href=\"tel:+49210221981\" class=\"elementor-button elementor-slide-button elementor-size-md\">Jetzt anrufen<\/a><\/div><\/div><\/div><div class=\"elementor-repeater-item-223871b swiper-slide\"><div class=\"swiper-slide-bg\"><\/div><div class=\"swiper-slide-inner\" ><div class=\"swiper-slide-contents\"><div class=\"elementor-slide-heading\">Ratinger Alt<\/div><div class=\"elementor-slide-description\">Gebraut - Gezapft - Getrunken<\/div><a href=\"https:\/\/www.brauhausratingen.de\/#tischreservierung\" class=\"elementor-button elementor-slide-button elementor-size-md\">Hier reservieren<\/a><\/div><\/div><\/div>\t\t\t\t<\/div>\n\t\t\t\t\t\t\t\t\t\t\t\t\t\t\t<div class=\"swiper-pagination\"><\/div>\n\t\t\t\t\t\t\t\t\t\t\t\t\t\t\t\t<div class=\"elementor-swiper-button elementor-swiper-button-prev\">\n\t\t\t\t\t\t\t<i class=\"eicon-chevron-left\" aria-hidden=\"true\"><\/i>\n\t\t\t\t\t\t\t<span class=\"elementor-screen-only\">Voriger<\/span>\n\t\t\t\t\t\t<\/div>\n\t\t\t\t\t\t<div class=\"elementor-swiper-button elementor-swiper-button-next\">\n\t\t\t\t\t\t\t<i class=\"eicon-chevron-right\" aria-hidden=\"true\"><\/i>\n\t\t\t\t\t\t\t<span class=\"elementor-screen-only\">N\u00e4chster<\/span>\n\t\t\t\t\t\t<\/div>\n\t\t\t\t\t\t\t\t\t\t\t\t<\/div>\n\t\t<\/div>\n\t\t\t\t<\/div>\n\t\t\t\t<\/div>\n\t\t\t\t\t<\/div>\n\t\t<\/div>\n\t\t\t\t\t\t\t<\/div>\n\t\t<\/section>\n\t\t\t\t<section class=\"elementor-section elementor-top-section elementor-element elementor-element-3e7542d1 elementor-section-boxed elementor-section-height-default elementor-section-height-default\" data-id=\"3e7542d1\" data-element_type=\"section\">\n\t\t\t\t\t\t<div class=\"elementor-container elementor-column-gap-default\">\n\t\t\t\t\t<div class=\"elementor-column elementor-col-100 elementor-top-column elementor-element elementor-element-68f0870e\" data-id=\"68f0870e\" data-element_type=\"column\">\n\t\t\t<div class=\"elementor-widget-wrap elementor-element-populated\">\n\t\t\t\t\t\t\t\t<div class=\"elementor-element elementor-element-16dd3cda elementor-widget elementor-widget-spacer\" data-id=\"16dd3cda\" data-element_type=\"widget\" data-widget_type=\"spacer.default\">\n\t\t\t\t<div class=\"elementor-widget-container\">\n\t\t\t\t\t<div class=\"elementor-spacer\">\n\t\t\t<div class=\"elementor-spacer-inner\"><\/div>\n\t\t<\/div>\n\t\t\t\t<\/div>\n\t\t\t\t<\/div>\n\t\t\t\t<div class=\"elementor-element elementor-element-4f27c458 elementor-widget elementor-widget-heading\" data-id=\"4f27c458\" data-element_type=\"widget\" data-widget_type=\"heading.default\">\n\t\t\t\t<div class=\"elementor-widget-container\">\n\t\t\t<h2 class=\"elementor-heading-title elementor-size-default\">Impressum<\/h2>\t\t<\/div>\n\t\t\t\t<\/div>\n\t\t\t\t<div class=\"elementor-element elementor-element-36f85aae elementor-widget elementor-widget-text-editor\" data-id=\"36f85aae\" data-element_type=\"widget\" data-widget_type=\"text-editor.default\">\n\t\t\t\t<div class=\"elementor-widget-container\">\n\t\t\t\t\t\t\t\t<p><strong>Ratinger Brauhaus<\/strong><br \/>Bahnstr. 15<br \/>40878 Ratingen<\/p><p>\u00a0<\/p><p>Telefon: +49 (0) 2102 21981<br \/>E-Mail: kontakt@brauhausratingen.de<\/p><p>\u00a0<\/p><p><strong>Betreiber:<\/strong><br \/>Hans Willi Poensgen &amp; S\u00f6hne Gastst\u00e4tten GmbH<br \/>Bahnstr. 15<br \/>40878 Ratingen<\/p><p>\u00a0<\/p><p><strong>Gesch\u00e4ftsf\u00fchrer:<br \/><\/strong>Dirk Poensgen, Thomas Poensgen<\/p><p>\u00a0<\/p><p><strong>Kontakt:<\/strong><br \/>Telefon: +49 (0) 211 401134<br \/>E-Mail: kontakt@poensgen-gastronomie-ratingen.de<\/p><p>\u00a0<\/p><p><strong>Registergericht:<\/strong><br \/>Amtsgericht D\u00fcsseldorf HRB 43365<\/p><p>\u00a0<\/p><p><strong>Urheberrecht<\/strong><br \/>Die durch die Seitenbetreiber erstellten Inhalte und Werke auf diesen Seiten unterliegen dem deutschen Urheberrecht. Die Vervielf\u00e4ltigung, Bearbeitung, Verbreitung und jede Art der Verwertung au\u00dferhalb der Grenzen des Urheberrechtes bed\u00fcrfen der schriftlichen Zustimmung des jeweiligen Autors bzw. Erstellers. Downloads und Kopien dieser Seite sind nur f\u00fcr den privaten, nicht kommerziellen Gebrauch gestattet.<\/p><p>\u00a0<\/p><p>Soweit die Inhalte auf dieser Seite nicht vom Betreiber erstellt wurden, werden die Urheberrechte Dritter beachtet. Insbesondere werden Inhalte Dritter als solche gekennzeichnet.<\/p><p>\u00a0<\/p><p>Sollten Sie trotzdem auf eine Urheberrechtsverletzung aufmerksam werden, bitten wir um einen entsprechenden Hinweis. Bei Bekanntwerden von Rechtsverletzungen werden wir derartige Inhalte umgehend entfernen.<\/p>\t\t\t\t\t\t<\/div>\n\t\t\t\t<\/div>\n\t\t\t\t\t<\/div>\n\t\t<\/div>\n\t\t\t\t\t\t\t<\/div>\n\t\t<\/section>\n\t\t\t\t\t\t<\/div>\n\t\t\t\t\t<\/div>\n\t\t","protected":false},"excerpt":{"rendered":"<p class=\"excerpt\">Brauhausgef\u00fchleHerzhaft &#038; Rheinl\u00e4ndischJetzt anrufenRatinger AltGebraut &#8211; Gezapft &#8211; GetrunkenHier reservieren Voriger N\u00e4chster Impressum Ratinger BrauhausBahnstr. 1540878 Ratingen \u00a0 Telefon: +49 (0) 2102 21981E-Mail: kontakt@brauhausratingen.de \u00a0 Betreiber:Hans Willi Poensgen &amp; S\u00f6hne Gastst\u00e4tten GmbHBahnstr. 1540878 Ratingen \u00a0 Gesch\u00e4ftsf\u00fchrer:Dirk Poensgen, Thomas Poensgen \u00a0 Kontakt:Telefon: +49 (0) 211 401134E-Mail: kontakt@poensgen-gastronomie-ratingen.de \u00a0 Registergericht:Amtsgericht D\u00fcsseldorf HRB 43365 \u00a0 UrheberrechtDie durch die [&hellip;]<\/p>\n","protected":false},"author":1,"featured_media":0,"parent":0,"menu_order":0,"comment_status":"closed","ping_status":"closed","template":"template-blank.php","meta":[],"_links":{"self":[{"href":"https:\/\/infaxserver.de\/brauhausratingen\/wp-json\/wp\/v2\/pages\/11"}],"collection":[{"href":"https:\/\/infaxserver.de\/brauhausratingen\/wp-json\/wp\/v2\/pages"}],"about":[{"href":"https:\/\/infaxserver.de\/brauhausratingen\/wp-json\/wp\/v2\/types\/page"}],"author":[{"embeddable":true,"href":"https:\/\/infaxserver.de\/brauhausratingen\/wp-json\/wp\/v2\/users\/1"}],"replies":[{"embeddable":true,"href":"https:\/\/infaxserver.de\/brauhausratingen\/wp-json\/wp\/v2\/comments?post=11"}],"version-history":[{"count":28,"href":"https:\/\/infaxserver.de\/brauhausratingen\/wp-json\/wp\/v2\/pages\/11\/revisions"}],"predecessor-version":[{"id":534,"href":"https:\/\/infaxserver.de\/brauhausratingen\/wp-json\/wp\/v2\/pages\/11\/revisions\/534"}],"wp:attachment":[{"href":"https:\/\/infaxserver.de\/brauhausratingen\/wp-json\/wp\/v2\/media?parent=11"}],"curies":[{"name":"wp","href":"https:\/\/api.w.org\/{rel}","templated":true}]}}